-10. What is d(s)?
-10
Let k(h) be the third derivative of h**5/60 - h**4/24 + 2*h**3/3 - 29*h**2. What is k(0)?
4
Let i(x) = -2. Let w(k) = k**3 + 5*k**2 + 4*k - 9. Let b(o) = 5*i(o) - w(o). Let z be 2/2*1 + -4. Determine b(z).
-7
Let h(p) = p + 6. Let q be h(-7). Let f = q + -2. Let i(z) be the third derivative of -z**4/12 + z**3/2 - 10*z**2. Calculate i(f).
9
Let l(t) = -t - 9. Let p be l(-6). Let k(d) = -3*d - 2. What is k(p)?
7
Let h(d) = -d**2 + d - 7. Let s(w) = w**3 - w**2 - w + 1. Let r(f) = 5*f**3 - 13*f**2 - 5*f + 13. Let l(m) = r(m) - 6*s(m). Let p be l(-7). Determine h(p).
-7
Let o = 7 - -3. Let g be 5/(-2)*(-8)/o. Let j(x) = -3*x**2 + 6*x + x**2 + x**3 - 4*x**g. Calculate j(5).
5
Let h(z) = z**3 + 4*z**2 - z - 2. Let v = -4 - -8. Suppose -4*l = -5*l + v. Suppose 0 = r - 0*r + l. Calculate h(r).
2
Let o(s) be the second derivative of s**4/6 + s**2/2 - 108*s. Let g be (-4 - -1)*(-1)/3. Suppose 0 = 4*q - 2*w - 10, 4*w = 5*q + g - 18. What is o(q)?
3
Suppose -4*a - 20 = 0, -5*q - 2 + 12 = -4*a. Let r(w) = -3*w. What is r(q)?
6
Suppose 2*w = -2*w - 12. Let b(d) = -d**3 - 2*d - 5. Let t(k) = -k**2 + 1. Let g(u) = -b(u) - 3*t(u). Give g(w).
-4
Let h = -33 + 27. Let a(u) = -u**2 - 4*u. Give a(h).
-12
Suppose 3*f - 19 = -5*l, 20 = -2*f - 3*f + 2*l. Let w(q) = -q**2 - q + 2. What is w(f)?
0
Let i be (4/6)/((-6)/27). Let z(n) = -2*n. What is z(i)?
6
Suppose 3*r + r - 37 = 3*z, -z = -2*r + 19. Let v = 16 - r. Let n(m) = m**2 - 5*m - 2. What is n(v)?
4
Suppose 0 = -n - n. Let z(t) = -7*t**2 + 3*t - 12. Let p(v) = -4*v**2 + 2*v - 6. Let w(x) = 5*p(x) - 3*z(x). What is w(n)?
6
Let a = -26 - -27. Let y(p) = -3*p + 1. What is y(a)?
-2
Suppose 4*f - 6*f = -12. Let d(a) be the third derivative of -a**5/60 + a**4/6 + 4*a**3/3 - 3*a**2. Give d(f).
-4
Let j(k) = -3*k**2 - 15*k - 4. Let v(d) = -2*d**2 - 10*d - 3. Let w(i) = 5*j(i) - 7*v(i). Calculate w(-5).
1
Let x be -7 + 3 + -2 + 4. Let l(t) = t**3 - t**2 - 3*t - 3. Give l(x).
-9
Let j(z) be the second derivative of -z**3/2 + z**2/2 + 10*z. What is j(4)?
-11
Suppose -2 + 1 = -t - 5*x, -2*t + x + 2 = 0. Let l be (t - 0) + -3 - 2. Let f(o) be the third derivative of -o**5/60 - o**4/6 - o**3 + 2*o**2. Calculate f(l).
-6
Let r(y) = -2*y**3 + 2*y**2 + y. Let d be r(-1). Let a be (7 - (3 + -3)) + -3. Let t(s) = -2 + 4 - 4 + s + a. Determine t(d).
5
Let d(w) = -6*w - 24. Let q(i) = 5*i + 4 - 3*i + 4. Let z(c) = 4*d(c) + 11*q(c). Determine z(-6).
4
Let t(l) = l**3 + 4*l**2 - 5*l - 5*l + 6*l + 0*l**2. Let k = 0 + -5. Give t(k).
-5
Let m(h) = -h**3 + 5*h**2 - 5*h. Let c = -8 - -11. Suppose -10 + 1 = -c*x. Suppose -5*y = 4*r - 20, 0 = -y + 6*r - x*r + 4. What is m(y)?
-4
Let u(w) = 2*w - 6 + 0*w - w. Determine u(0).
-6
Suppose -6*g = a - 2*g + 21, -a - 3*g = 18. Let u(l) = -l**2 - 7*l + 12. Determine u(a).
-6
Let j(a) = -2*a**2 + 11*a**2 + 2*a - 3*a + 8 - 8*a**2. What is j(0)?
8
Let j(z) = -z - 7. Let b be ((-2)/8 - -1)*4. Suppose 6*v + 4*h = b*v + 5, -4*h = -2*v - 30. Calculate j(v).
-2
Let n = -2 - -6. Let h(k) = 4*k - 1. Let t(y) = -1. Let x(w) = h(w) + 5*t(w). Calculate x(n).
10
Let h(a) = a + 1. Let s(o) be the first derivative of -o**2/2 - o + 2. Let c(t) = -5*h(t) - 4*s(t). Let d = -10 + 10. Determine c(d).
-1
Let j(u) = 11*u**3 + 23*u**2 - 19*u. Let p(d) = 5*d**3 + 11*d**2 - 9*d. Let s(t) = 6*j(t) - 13*p(t). Calculate s(3).
-9
Let c(r) be the third derivative of -r**7/1680 + r**6/360 + r**5/20 + 3*r**2. Let k(j) be the third derivative of c(j). Suppose 2*s = 3*s + 2. Determine k(s).
8
Let b be 1 - (0 - -18)/(-3). Let h(p) = p**2 - 8*p - 1. Give h(b).
-8
Let u(w) = 3*w. Let q(y) = 4*y + 1. Let f(t) = 5*q(t) - 6*u(t). Give f(-4).
-3
Let j(i) be the third derivative of 0*i + 0 - 1/24*i**4 + 10*i**2 - 1/2*i**3 - 1/60*i**5. Calculate j(-4).
-15
Suppose -4*r + 30 = -2. Let f(k) = -k**3 + 8*k**2 - k + 7. Let p be f(r). Let a(d) = 5*d**2 + 5*d + 1. Let g(w) = w**2 + w. Let i(n) = a(n) - 4*g(n). Give i(p).
1
Let v = 17 - 13. Let k(n) = 2*n**2 + 5 + 6*n - v*n**2 + 3*n**2. What is k(-6)?
5
Let n(h) = -h**3 - 5*h**2 + 3*h. Let t(l) = l**3 + 4*l**2 - 3*l - 1. Let b(y) = 2*n(y) + 3*t(y). Determine b(-2).
3
Let b(l) = l**2 + 4. Let r(c) = -c**3 + 2*c**2 + 3*c. Let n be r(3). Let h be b(n). Let z(v) = -v - 3. Give z(h).
-7
Suppose 11*s + 45 = 6*s. Let o(v) = -v**2 - 8*v + 8. Give o(s).
-1
Suppose -w = w - 2. Let m = w - 2. Let z(t) = -2*t**3 + t**2 + t. Let y be z(m). Let g(o) = o**2 - 2*o + 2. Give g(y).
2
Let g(v) be the second derivative of -v**4/6 - 5*v**3/6 - 2*v**2 + 2*v. Suppose u - 2*u + 7 = 4*x, -4*u + 11 = -x. Let p = -2 - x. Calculate g(p).
-7
Let p(g) = -g + 4 + g - g**2. Suppose -5*d + 38 = -12. Suppose 0 = -5*y + 3*h - 6, 3*y + 0*y = -5*h + d. Determine p(y).
4
Suppose -5*y + 26 = -2*p, 0*p + 3*p = -3*y + 3. Suppose -5*f + 3*k - 2*k = -10, 2*f + k - 4 = 0. Suppose -y*u = -f*u - 4. Let t(z) = -3*z - 2. Determine t(u).
-8
Let a be ((-12)/4)/(4/(-12)). Let r(q) = q - 8. Determine r(a).
1
Let h(v) = -v + 3. Suppose -5*k - 7 = -5*b - 187, -3*k = 2*b + 52. Let c be ((-1)/2)/(4/b). Let q be (9/2)/3*c. Calculate h(q).
-3
Suppose 2*o + 14 = 4*x, -5*o + 9 = -0*x + x. Let s(v) = -x*v + 4*v - 3 - 5*v + 4*v. Give s(-5).
2
Let j(s) = s + 6. Let u be (-12)/4 - (-2 - 1). Let p be j(u). Let l(m) = -2*m + 6. Determine l(p).
-6
Let p(r) = -43*r + 25*r - 4 + 19*r. Suppose 2*l = -2*l - 20. What is p(l)?
-9
Suppose -6*w + 20 = -w. Let k = w + -1. Suppose 0 = 2*o - k - 7. Let c(z) = 3*z - 6. Determine c(o).
9
Suppose -3*g - 24 = -3*x, -10 - 12 = 5*g + x. Let z(m) = m**3 + 6*m**2 + 7*m + 3. Calculate z(g).
-7
Let q(l) = l - 1. Let k(j) = -j. Let b(g) = -3*k(g) - 2*q(g). Let p be b(0). Let o(t) = 1. Let m(x) = -4*x - 8. Let v(r) = m(r) + 6*o(r). What is v(p)?
-10
Let y(r) = -r**3 + 5*r**2 - 4*r. Let a be 8/(-64) + (-33)/(-8). Let i be y(a). Let f(s) = -s**2 + s - 9. What is f(i)?
-9
Let q = 82 - 81. Let h(z) = 8*z**3 - z + 1. What is h(q)?
8
Let p(d) be the second derivative of -5*d**4/12 - d**3/6 - d**2/2 + d. Suppose -5*t = 1 + 4. Determine p(t).
-5
Let y(j) = 3*j**3 - 2*j**2 - 7*j - 1. Let f(n) = 4*n**3 - n**2 - 8*n - 1. Let q(z) = 4*f(z) - 5*y(z). Give q(-5).
11
Let n(k) be the first derivative of k**3/3 + k**2/2 + k + 29. Let i(s) = -8*s**2 + 2*s - 10. Let r be -1 - ((-28)/2)/2. Let d(w) = r*n(w) + i(w). Give d(5).
-14
Let a(m) = 5*m**2 - m + 4. Let x(l) = 4*l**2 - l + 3. Suppose 3*q - 2*q + 4 = 0. Let b(p) = q*x(p) + 3*a(p). Give b(2).
-2
Suppose 4*j - 4*d - 2 - 14 = 0, 0 = -j + 4*d + 13. Let o be 56/(-14) + (j - -3). Let a(y) = -y**2 - y + 13. Determine a(o).
13
Let j(u) = -6*u + 9. Let n(b) = -b + 2. Let a(k) = 4*j(k) - 21*n(k). Calculate a(-6).
12
Let t(d) = 10*d + 0 + 8*d - 14*d - d**2 - 5. What is t(5)?
-10
Let n(k) = -63 + 20 - 4*k + 20 + 25 + 5*k**2. Determine n(2).
14
Suppose -6*l - 16 = 2*l. Let s(n) = n**3 + n**2 - n - 1. What is s(l)?
-3
Let r be 1 - (-6)/(-1) - -2. Let y(c) = 1 + 16*c + 5*c - 25*c. What is y(r)?
13
Let p(b) = 7*b**2 + 12*b - 1. Let h(g) = -9*g**2 - 13*g + 1. Let w(m) = 3*h(m) + 4*p(m). Calculate w(-7).
-15
Let t(j) = -5 - 8*j - 2 - j**2 - j + 2*j. What is t(-5)?
3
Let p(k) = -k**3 + 12*k**2 - 10*k - 7. Let g be p(11). Let d(m) = -3*m - 2. Calculate d(g).
-14
Let s be (6/4)/1*2. Let o(f) be the second derivative of f**7/1260 - f**6/240 - f**5/30 - f**4/6 + 3*f. Let v(a) be the third derivative of o(a). What is v(s)?
5
Let d(g) = 4*g + 3. Let j be (-3*(3 - 5))/(-2). Let r(m) = 5*m + 3. Let i = 13 - 9. Let a(y) = i*d(y) + j*r(y). Determine a(0).
3
Let u(f) = -3 - 3*f**2 - 2 - 6*f + 2*f**2 + 0. Suppose 0 = -4*b - b - 25. Determine u(b).
0
Let z(q) be the second derivative of 0*q**2 + 1/120*q**5 + 0 + 1/12*q**4 - q + 1/3*q**3. Let k(a) be the second derivative of z(a). Give k(-1).
1
Let j(z) = -z**2 - 4*z - 2. Let h(r) = -1. Let t(s) = -2*h(s) - j(s). Let a(l) be the first derivative of t(l). Calculate a(4).
12
Let x(n) = 3*n**3 + n**2 - 5*n - 2. Let y(r) = 0*r - 6*r + r - 4*r**2 + 4*r**3 + 5*r**2 - 2. Let m(w) = 3*x(w) - 2*y(w). What is m(-3)?
-5
Let k(g) = g + 2*g**2 + g**3 + 4 - 3*g + 0*g**2. Let m = -6 - -8. Suppose 2*x = -5*j - 7, -3*j - m*j + 4*x - 31 = 0. What is k(j)?
1
Let y(w) = -w**3 + w - 2. Let c be (2 + 1)/((-6)/(-4)). Suppose 3 = 3*j - 3*v, 2*j - 3*v = c*v - 7. Let h = j - 4. What